 - s = -h*p. List the prime factors of p.
3
Let i = -215 - -227. List the prime factors of i.
2, 3
Let f(k) = 84*k - 45. List the prime factors of f(19).
3, 11, 47
Suppose -5*u + 2*u = -j + 4324, -5*j + 21668 = -3*u. What are the prime factors of j?
2, 271
Let h(n) = n**3 + 6*n**2 - 2*n - 7. Let s be h(-6). Suppose -25 = -4*a + s*j, 4*a + a - j = 5. Suppose a = 2*b - 0*b - 8. What are the prime factors of b?
2
Suppose 3*b = 4*f + 45, -4*b + 75 = b + 3*f. Suppose 3*v - 21 = b. List the prime factors of (-4)/v - (-56)/6.
3
Suppose 2*n - d - 1136 = 0, -3*n + 2*n = -4*d - 575. List the prime factors of n.
3, 7
Let w = -7 - -1. Let a(n) = -n**2 - 6*n + 5. Let v(y) = 2*y**2 + 13*y - 9. Let x(r) = -5*a(r) - 2*v(r). List the prime factors of x(w).
5
Let y(n) = 5*n**2 - n - 2. Let g be y(-1). Suppose -5*z = -g*x - 1310, -z - 4*x + 262 = -x. Suppose 4*l - z = -54. What are the prime factors of l?
2, 13
Suppose -4*y = -y. Suppose 214 = -y*m + 2*m. Suppose m = 5*c - 23. List the prime factors of c.
2, 13
Suppose -42*x = 2*q - 47*x - 7159, -17810 = -5*q - 5*x. List the prime factors of q.
3, 29, 41
Let b(a) = -a**2 - 16*a + 4. Let p be b(-16). What are the prime factors of (4 - (p + -8))*11?
2, 11
Let r(j) = 3*j**2 - 87*j + 55. What are the prime factors of r(34)?
5, 113
Let c(q) = -3*q + 71. Let z be c(0). Suppose -z = -5*l + 219. List the prime factors of l.
2, 29
Suppose v - 5*z = -2*z + 141, -4*v + 3*z + 591 = 0. List the prime factors of v.
2, 3, 5
Suppose -4*j - 11 = -x + 37, 2*x - 161 = -5*j. What are the prime factors of x?
2, 17
Suppose 53*x - 33*x = 5380. List the prime factors of x.
269
Suppose -4*m = -n - n - 14, 4*n + 4*m = -16. Let k(g) = g**3 + 7*g**2 + 6*g - 4. Let f be k(n). Let x(p) = p**2 - 13*p - 1. List the prime factors of x(f).
47
Suppose -4*g + 3*q = 4, g = -g - 2*q - 2. Let h be 1 - g*(2 - -1). Suppose 5*f + h*b = 85, -2*f + 3*f = -3*b + 6. What are the prime factors of f?
3, 7
Suppose 2*i - y = 4 - 0, -y = 0. Suppose 2 = i*g - 60. What are the prime factors of g?
31
Let j(a) = -a**3 + 8*a**2 - 7*a + 3. Let u be j(7). Suppose -3*k = -h - 769, u*h - 417 - 617 = -4*k. List the prime factors of k.
257
Let p(y) = 92*y - 15. List the prime factors of p(5).
5, 89
Let a = -45 - -97. Let h = a - -84. What are the prime factors of h?
2, 17
Let v(a) = -2*a**2 + 2*a - 2. Let x be v(5). Let f = 97 + x. What are the prime factors of f?
5, 11
Suppose 13*k + 1099 = 6*k. Let f = -23 - k. List the prime factors of f.
2, 67
Let o = 470 - -986. Suppose 0 = -8*z + z + o. What are the prime factors of z?
2, 13
Suppose -21*j = -22*j + 2*a + 765, 5*a = 25. What are the prime factors of j?
5, 31
Let k = -259 - -334. What are the prime factors of k?
3, 5
Suppose 0 = -4*d + 4 + 92. Suppose -75 = -2*o + v + 21, 4*o + v = 186. Let p = o - d. What are the prime factors of p?
23
Suppose 2*p = m + 248, -p = -2*p - m + 130. Suppose -7*h + p = -119. List the prime factors of h.
5, 7
Let t(w) = -27*w - 6. Let y(k) = -9*k - 2. Let r(b) = 3*t(b) - 8*y(b). What are the prime factors of r(-5)?
43
Let h(y) = 3*y - 9. Let t be h(-4). Let k = t - -21. Suppose -4*d = -2*j - 78, 0 = -4*d - k*j - 2*j + 82. List the prime factors of d.
2, 5
Let h be (11/2)/(9/(-18)). Let s be (-3)/(-9) - h/3. Suppose -s + 8 = x. List the prime factors of x.
2
Let p(u) = u**3 + 4*u**2 - 10*u - 11. What are the prime factors of p(-5)?
2, 7
Let x(r) = r**3 + 7*r**2 + 2*r + 4. Let q(t) = 2*t**3 - 3*t**2 - 8*t - 2. Let b be q(4). Let l be 4/(-10) - b/10. What are the prime factors of x(l)?
2, 11
Let l(r) = r + 5. Let h be l(-3). Suppose 4*a + 552 = 4*n - n, -a - 138 = -h*n. What are the prime factors of (a/9)/((-12)/18)?
23
Suppose -4*w = -f - 10181, -4*f - 2 = -2*f. What are the prime factors of w?
5, 509
Let f(i) = -5*i - 1. Let j(q) = 4*q + 1. Let d(x) = -3*f(x) - 4*j(x). List the prime factors of d(-5).
2
Suppose -2*i - 17 = -3*u, -5*u + 50 = 3*i + 9. List the prime factors of u.
7
Let l(p) = 39*p - 11. Let z(w) = 39*w - 12. Let v(i) = 5*l(i) - 4*z(i). What are the prime factors of v(4)?
149
Let j(z) = 11*z**2 - 73*z + 12. What are the prime factors of j(19)?
2, 11, 59
Suppose 1 + 3 = -2*d. Let l be (d - -28)/((-3)/(-6)). Let v = 79 - l. List the prime factors of v.
3
Let l be (3/(-3))/(2 + -1). Let j(i) = 2 - 4 - 45*i + 4*i + 8*i. List the prime factors of j(l).
31
Suppose 2*l + 3 = l. Let i = 134 + l. List the prime factors of i.
131
Suppose 0*m + m - 5*k + 193 = 0, 4*m = 5*k - 787. List the prime factors of 27/18 + m/(-4).
3, 17
Suppose 8*h - 16045 = -3517. List the prime factors of h.
2, 3, 29
Suppose 4*r - 1184 = 5*c + 551, -2*r + 855 = -5*c. What are the prime factors of r?
2, 5, 11
Let c(b) = 2143*b - 42. List the prime factors of c(2).
2, 1061
Let y(s) = 81 + s**3 + s - 3*s + s**2 + 0*s**3. What are the prime factors of y(0)?
3
Let k be 4 + 4 - (-2 + -2). Let x be -4*(-1 + 0 + k). What are the prime factors of (2/(-1))/(11/x)?
2
What are the prime factors of 2 + -1 - -41*37?
2, 3, 11, 23
Suppose -3*t + 0*t - 3*f + 18 = 0, 3*f - 12 = 0. Let m = -4 - -10. Suppose -t*i + y + m = -i, -3*i - y + 34 = 0. What are the prime factors of i?
2, 5
What are the prime factors of 1/((-4685)/(-2342) + -2) + -3?
2339
Suppose 1 + 4 = 5*w. Let s be 48*(w + 0/2). Let y = s - 33. What are the prime factors of y?
3, 5
Suppose 0 = 8*h + 298 + 462. Let v = 185 + h. List the prime factors of v.
2, 3, 5
Let o = -2840 + 6022. What are the prime factors of o?
2, 37, 43
Let j(m) = -m**3 + 7*m**2 + 10*m - 3. Suppose 0 = z - 2, -4*v + 2*z - 1 = -5. Suppose 0*l = v*l - 16. List the prime factors of j(l).
13
Let k(t) = 6*t**2 - 16*t + 39. What are the prime factors of k(5)?
109
Let o = -2 + 2. Suppose 3*l - 2 - 1 = o. Let w(g) = 53*g - 2. What are the prime factors of w(l)?
3, 17
Suppose 2*k + 3*g = -560, 5*g + 95 = -k - 192. Let i = -162 - k. List the prime factors of i.
5, 23
Suppose -3918 = 4*n - 7*n + 2*w, 0 = -5*n - w + 6543. List the prime factors of n.
2, 3, 109
Let x be 4 + ((-9)/18)/(1/8). Suppose 2*a - 423 + 25 = x. What are the prime factors of a?
199
Let m be ((-76)/12)/(2/12). Let w be 793/15 - 2/(-15). Let y = m + w. List the prime factors of y.
3, 5
Let p(w) = -w**2 + 4*w + 4. Let x be p(8). Let z be (x - 2) + 2 + -4. Let y = 57 + z. List the prime factors of y.
5
Let i(t) be the first derivative of -17*t**2/2 - t - 3. List the prime factors of i(-4).
67
What are the prime factors of (-25272)/(-204) - (-2)/17?
2, 31
Suppose -5*d + 2*d = -d. Suppose -2*y - 3*w + 141 = 0, -2*y + d*w + 3*w = -147. List the prime factors of y.
2, 3
Let p(m) = -m**2 - 15*m - 10. Let c be p(-14). Suppose 143 + 77 = c*u. List the prime factors of u.
5, 11
Let p = -9 - -215. Let t = p + 35. What are the prime factors of t?
241
Let b(j) = j**2 - 15*j + 12. Let a(n) = n - 1. Let m(q) = 2*a(q) - b(q). What are the prime factors of m(16)?
2
Let g = 42 - -236. Let k = g + -151. List the prime factors of k.
127
List the prime factors of (-1749)/(-12) + 10/40.
2, 73
Suppose 15333 = 38*m + 1425. List the prime factors of m.
2, 3, 61
Let w(t) = -t**3 + 9*t**2 - 7*t - 10. Let b be w(7). Let l be (-26)/b*(-186)/4. Let i = l + -10. List the prime factors of i.
3, 7
Let b be (-8)/(8/(-4)) - -8. What are the prime factors of (-426)/(-2)*(4 + (-40)/b)?
2, 71
Suppose 0 = 16*k - 751 + 111. What are the prime factors of k?
2, 5
Let p(h) be the first derivative of -h**4/4 - 6*h**3 - 3*h**2 + 24*h + 15. What are the prime factors of p(-18)?
2, 3, 11
Suppose -i + 7376 = 2*a, -5*i - 14780 = -8*a + 4*a. List the prime factors of a.
2, 3, 5, 41
Suppose -6*d = -4*d - 420. Suppose -3*y = -d - 225. List the prime factors of y.
5, 29
Let a(h) = 6*h**2 - 3*h + 18. Suppose 2*u - 12 = -4, 0 = -c - 2*u + 11. What are the prime factors of a(c)?
3, 7
Let x = 3098 + -1529. What are the prime factors of x?
3, 523
Suppose 110 = -5*k - 2*s, -5*k - s - 2*s - 110 = 0. Let x be (-1)/((-43)/k + -2). What are the prime factors of (0 + 3)*x/3?
2, 11
Let z(m) = 7*m**2 - 7*m - 2. Let r be z(-6). Suppose -2*j + 2*f = 4*f - r, 2*j = 3*f + 292. What are the prime factors of j?
2, 73
Let i = 1 - -22. Let b = -31 + i. What are the prime factors of 4/b*2 + 35?
2, 17
Let x be 3/(6/1)*-2. List the prime factors of 596*x/(-12)*3*1.
149
Let z be -4 + 2 + 0 + 5. Suppose 2*g - z*